n factor of 11732 and f.
28
Suppose -353 = -10*v - 53. Let i be ((1 - 1) + 10)/(5/v). Calculate the highest common factor of i and 90.
30
Let f = -142 - 27. Let a = 46 - f. What is the highest common divisor of 86 and a?
43
Let h = -24341 + 24392. What is the greatest common divisor of h and 27659?
17
Let r be 5680/48 - (-40)/15. Calculate the highest common divisor of r and 176.
11
Suppose 3*z = 5*j - 3485, -2*j + 686*z = 689*z - 1373. What is the highest common divisor of j and 2?
2
Let j = 6389 + -5381. What is the greatest common factor of 9324 and j?
252
Suppose -5*m = g - 49, -2*m + 17 = 3*g - 0*g. Suppose 67 = m*h - 23. What is the highest common divisor of h and 30?
3
Suppose 2*l - l = -2. Let z = 16 + l. Let s = -9 + 11. Calculate the highest common factor of z and s.
2
Let r be -21*(-14)/(168/(-36)). Suppose 16 = -2*b + 2*v - 70, 0 = -3*b + v - 139. Let u = b - r. What is the highest common factor of u and 6?
3
Let v be 8 + (6/16 - (-8000)/512). What is the greatest common factor of 804 and v?
12
Suppose 20*h - 18*h + 4 = 2*u, 2*h + u = 5. Let w = 7 - -24. What is the highest common divisor of w and h?
1
Suppose -2*i - i - 12 = 0, -5*i - 24 = -l. Suppose -10*a = -2*c - 7*a + 27, -4*a = l*c - 24. What is the greatest common factor of c and 279?
9
Suppose -8*r + 24 = -7*r - 5*f, -3*r = 4*f - 53. What is the greatest common divisor of 361 and r?
19
Let t be 120/(-6) + 12 + -5. Let k(y) = -y**3 - 15*y**2 - 28*y + 8. Let d be k(t). What is the highest common factor of 272 and d?
34
Suppose -6*x = -5*m - x + 285, 3*x = -3*m + 141. Suppose -46*o = -m*o + 12. What is the greatest common factor of o and 11?
1
Suppose 39656 = -50*m + 44206. Let x = -2 + 1. Let q be (-3 + 2)*13*x. Calculate the highest common divisor of q and m.
13
Suppose -16*d - 23 = 9. Let g(s) = 37*s**2 - 3*s - 4. Let v be g(d). Let f be (-28 + 0)*-1 + 2. What is the highest common divisor of f and v?
30
Let c(l) = -2*l**3 + 29*l**2 - 5*l - 70. Let i be c(14). Suppose 4*j = 2*j + 406. Let x = j - 119. What is the greatest common divisor of i and x?
28
Suppose -8*w + 797 = 469. What is the greatest common factor of 17 and w?
1
Let k(w) = 29*w**2 + 161*w - 6. Let l be k(-6). What is the highest common factor of 1494 and l?
18
Let j = -7126 - -7127. Calculate the highest common factor of 1381 and j.
1
Suppose -16 = -3*n + 8. Let f be (-24*(-30)/(-100))/((-3)/70). Suppose 0 = 6*d + d - f. Calculate the highest common divisor of d and n.
8
Let z(y) = 3*y**3 - 3*y**2 + y. Let t be z(2). Suppose 3*k - 4*k - d = -94, -d = 2*k - 192. What is the highest common factor of t and k?
14
Suppose 2*o = 71 - 77, 4*w = 4*o + 28. Suppose d - 100 = w*a, -4*d - 4*a + 452 = -7*a. Calculate the greatest common divisor of d and 8.
4
Let g be 2*2126 - (214 + -217). Calculate the highest common factor of g and 345.
115
Let w(o) = o**2 - 37*o + 162. Let k(f) = -2*f**2 - f - 1. Let y(z) = -3*k(z) + w(z). Let c be y(7). Calculate the highest common divisor of c and 54.
54
Let m(f) = f**2 + 5*f - 9. Let x = 37 - 44. Let b be m(x). Let i = b - -16. Calculate the greatest common divisor of 168 and i.
21
Let i = 4596 + -4100. Let l = -38 - -54. Calculate the greatest common divisor of l and i.
16
Let x(u) = -10*u - 66. Let g(k) = 29*k + 198. Let n(v) = 4*g(v) + 11*x(v). Let h be n(-10). Calculate the highest common divisor of 21 and h.
3
Let f(a) = 267*a**2 - 109*a - 518. Let m be f(-8). What is the greatest common factor of m and 270?
54
Let a be (-13 + 2796/216)*-640 - (-8)/18. Calculate the greatest common factor of a and 8451.
9
Suppose -4*o + 419 - 1287 = 0. Let i = o - -361. What is the highest common divisor of i and 64?
16
Suppose 4*z - 64057 = -4*h - 1061, -4*h = 5*z - 63001. What is the highest common divisor of h and 328?
328
Let h(o) = o**2 + 10*o - 7. Let f be h(-5). Let c be 816/(-102) + (59 - 2). Let d = f + c. What is the greatest common divisor of d and 85?
17
Suppose 11391*g = 11522*g - 23056. What is the highest common factor of 242 and g?
22
Let q be 0 + (38/2 - 1). Let a = 1304 + -1306. Let u be (-1 + a)/(-7 - (-120)/q). What is the highest common factor of 27 and u?
9
Suppose -22*x + 3245 = 7*x + 26*x. What is the greatest common factor of x and 708?
59
Suppose 11*s - 278 = -4*y + 10*s, 3*s = 4*y - 286. Let n(r) = -r + 38. Let w be n(-12). What is the greatest common divisor of y and w?
10
Suppose -2*v = v - 2*d - 41, 4*d - 3 = v. Let h = v - 0. Let g = -28 + 164. Calculate the greatest common divisor of h and g.
17
Suppose 0 = 3*n - 38 - 115. Suppose 2*b - 2*l + 3 = n, -b + 32 = l. Suppose 332 = 9*y - b. Calculate the highest common divisor of y and 20.
20
Let d be 14/6 + (-2)/6. Suppose d*k + 5*x + 47 = -134, 9 = -3*x. Let r = k + 173. What is the highest common factor of r and 36?
18
Let j be ((-2)/(-2))/((-528)/(-656304)). What is the highest common divisor of 791 and j?
113
Let c(p) = 13*p**3 + 7*p**2 - 30. Let o be c(3). What is the highest common factor of 84 and o?
12
Let f be (21/6)/(7/(-2) + 3). Let x be 3744/273 + (-2)/f. What is the highest common factor of x and 35?
7
Suppose -9 = -2*o + 1. Suppose -o*a + 630 = 5*l, 2*l + 268 = 5*a - 3*a. Let s be 15/(-3) + 7 + 8. Calculate the greatest common divisor of a and s.
10
Let j(p) = 213*p + 9951. Let v be j(-35). Calculate the greatest common divisor of v and 702.
78
Let f(i) = 28*i**2 + 47*i + 11. Let h be f(6). Let a = h + -707. Calculate the highest common factor of a and 36.
18
Let d(l) = 70*l + 10. Suppose 2*n - 4*a + 18 = 0, -4*a = -5*n - 0*a - 15. Let c be d(n). Calculate the highest common factor of 20 and c.
20
Suppose 5*z + 5*h + 975 = 0, 2*z + h + 458 = 72. Let v = 202 + z. What is the greatest common factor of v and 209?
11
Let x be (-2 - -1)/(((-16)/(-96))/(52/(-6))). What is the greatest common divisor of x and 12688?
52
Suppose 2*r - 1 = -5*c, 2*c + 21 - 7 = 4*r. Suppose r = 7*u - 67. Suppose u*d = 5*d + 10. What is the greatest common factor of 2 and d?
2
Let f(z) = -z**2 - 4*z + 1. Let w be f(-2). Let q(g) = -6 + 15 - 1010*g + 1039*g. Let a be q(w). What is the highest common divisor of 14 and a?
14
Suppose 2*y - 1 - 9 = 0, 0 = -4*i - 4*y + 804. Suppose 193*x - i*x + 60 = 0. Calculate the highest common divisor of 30 and x.
10
Suppose 0 = 4*k + 3*c - 5*c - 1356, -2*k + 3*c + 678 = 0. What is the greatest common divisor of k and 904?
113
Suppose -2*a + 50 - 7 = -3*f, 2*a - 2*f - 38 = 0. Let x be 374/a + 2*(-1)/(-7). Let m be (-1 + 8)*(-36)/(-7). What is the greatest common factor of x and m?
9
Let f = -170 + 54. Let j = 115 + f. Let r be (-180)/(-4) + 3*j. Calculate the greatest common factor of 21 and r.
21
Suppose 0 = -31*v + 309 + 2388. Let p be (6 - 1)/(7 - (-370)/(-60)). Calculate the highest common factor of v and p.
3
Let y be -1 + 190/2 + 1. Suppose -86*k = -y*k + 621. What is the greatest common factor of 230 and k?
23
Let h(b) = -278*b + 5009. Let q be h(18). Let f be 79 - (0 - 2/2). Calculate the highest common divisor of f and q.
5
Suppose 0 = n + p - 1, -5*n + 7 = -0*n + 4*p. Let u be 84*((-1)/n)/((-3)/(-9)). Let f = -60 - u. Calculate the greatest common divisor of 60 and f.
12
Suppose -6*t - q + 52 = -t, -4*q + 18 = t. Let y be 9/(t/(-64) - 5/(-20)). Calculate the highest common factor of 144 and y.
48
Let d(l) = 3*l**2 + 159*l - 60. Let w be d(-55). What is the greatest common divisor of w and 960?
30
Let s be ((-561)/22 + 1)*((-5 - -1) + -70). What is the highest common factor of s and 294?
49
Let g(m) = 13*m**2 + 54*m + 863. Let f be g(-11). What is the greatest common factor of f and 18?
6
Suppose -12*o = -11*o + u + 10, o + 4*u + 10 = 0. Let a be o/(-15) + 6/(-27)*-69. What is the highest common divisor of 40 and a?
8
Suppose -296 = -2*f + 432. Let g(x) = -18*x + 610. Let m be g(31). What is the greatest common divisor of f and m?
52
Let u(m) = 1443*m + 923. Let r(s) = -39*s - 25. Let t(i) = -221*r(i) - 6*u(i). Let w be t(-14). Calculate the greatest common divisor of w and 13.
13
Suppose 0 = 4*d + 8, -4*j - 3 = -4*d - 43. Let n be (1 - (-4)/j*2)*84. Calculate the highest common factor of 42 and n.
42
Let y be -1*((5 - 0) + -7 - -3). Let t be y - 11/((-33)/48). What is the highest common factor of t and 15?
15
Suppose -23*q + 9*q = -11760. Calculate the greatest common divisor of 600 and